{"id":15013,"date":"2025-02-05T13:34:32","date_gmt":"2025-02-05T13:34:32","guid":{"rendered":"https:\/\/globaltaxjustice.org\/?post_type=campaign&#038;p=15013"},"modified":"2026-02-18T17:17:15","modified_gmt":"2026-02-18T17:17:15","slug":"convencion-fiscal-de-la-onu-ahora","status":"publish","type":"campaign","link":"https:\/\/globaltaxjustice.org\/es\/campanas\/convencion-fiscal-de-la-onu-ahora\/","title":{"rendered":"Convenci\u00f3n fiscal de la ONU ahora"},"content":{"rendered":"\n<h2 class=\"wp-block-heading\">Introducci\u00f3n<\/h2>\n\n\n\n<p>Las normas fiscales globales actuales son profundamente injustas. Los pa\u00edses, especialmente los del Sur Global, no pueden gravar adecuadamente las ganancias generadas en sus econom\u00edas debido a una asignaci\u00f3n injusta de los derechos de imposici\u00f3n y al abuso fiscal desenfrenado. La OCDE, tambi\u00e9n conocida como el \u201cclub de los pa\u00edses ricos\u201d, ha sido la principal instituci\u00f3n donde se han formulado las normas fiscales globales. Es decir, donde se hab\u00edan establecido normas y est\u00e1ndares; las negociaciones que condujeron a ellos se realizaron a puerta cerrada, sin procesos de toma de decisiones transparentes ni accesibles al p\u00fablico. La mayor\u00eda de los pa\u00edses en desarrollo no son miembros de la OCDE, lo que los excluye de participar como iguales en la mesa de negociaciones. Lo que se decide sin participaci\u00f3n universal carece de legitimidad para su aplicaci\u00f3n universal. Es hora de reescribir las normas fiscales globales para que todos los pa\u00edses puedan negociar normas fiscales globales justas, efectivas y eficaces en igualdad de condiciones.<\/p>\n\n\n\n<p><a href=\"https:\/\/globaltaxjustice.org\/es\/campanas\/convencion-fiscal-de-la-onu-ahora\/introduccion\/\" type=\"campaign\" id=\"16284\">Lea m\u00e1s \u2014<\/a><\/p>\n","protected":false},"excerpt":{"rendered":"<p>Las normas fiscales globales est\u00e1n obsoletas y no se cumplen. Es hora de reescribirlas para que todos los pa\u00edses puedan negociar normas fiscales globales justas, efectivas y eficientes en igualdad de condiciones.<\/p>\n","protected":false},"featured_media":15000,"parent":0,"menu_order":0,"template":"template-campaign-main.php","class_list":["post-15013","campaign","type-campaign","status-publish","has-post-thumbnail","hentry"],"acf":[],"yoast_head":"<!-- This site is optimized with the Yoast SEO plugin v27.2 - https:\/\/yoast.com\/product\/yoast-seo-wordpress\/ -->\n<title>Convenci\u00f3n fiscal de la ONU ahora - Global Tax Justice<\/title>\n<meta name=\"robots\" content=\"index, follow, max-snippet:-1, max-image-preview:large, max-video-preview:-1\" \/>\n<link rel=\"canonical\" href=\"https:\/\/globaltaxjustice.org\/es\/campanas\/convencion-fiscal-de-la-onu-ahora\/\" \/>\n<meta property=\"og:locale\" content=\"es_ES\" \/>\n<meta property=\"og:type\" content=\"article\" \/>\n<meta property=\"og:title\" content=\"Convenci\u00f3n fiscal de la ONU ahora - Global Tax Justice\" \/>\n<meta property=\"og:description\" content=\"Las normas fiscales globales est\u00e1n obsoletas y no se cumplen. Es hora de reescribirlas para que todos los pa\u00edses puedan negociar normas fiscales globales justas, efectivas y eficientes en igualdad de condiciones.\" \/>\n<meta property=\"og:url\" content=\"https:\/\/globaltaxjustice.org\/es\/campanas\/convencion-fiscal-de-la-onu-ahora\/\" \/>\n<meta property=\"og:site_name\" content=\"Global Tax Justice\" \/>\n<meta property=\"article:modified_time\" content=\"2026-02-18T17:17:15+00:00\" \/>\n<meta property=\"og:image\" content=\"https:\/\/globaltaxjustice.org\/wp-content\/uploads\/2025\/01\/7taxbody-2-scaled.jpg\" \/>\n\t<meta property=\"og:image:width\" content=\"2560\" \/>\n\t<meta property=\"og:image:height\" content=\"1413\" \/>\n\t<meta property=\"og:image:type\" content=\"image\/jpeg\" \/>\n<meta name=\"twitter:card\" content=\"summary_large_image\" \/>\n<meta name=\"twitter:label1\" content=\"Est. reading time\" \/>\n\t<meta name=\"twitter:data1\" content=\"1 minuto\" \/>\n<script type=\"application\/ld+json\" class=\"yoast-schema-graph\">{\"@context\":\"https:\/\/schema.org\",\"@graph\":[{\"@type\":\"WebPage\",\"@id\":\"https:\/\/globaltaxjustice.org\/es\/campanas\/convencion-fiscal-de-la-onu-ahora\/\",\"url\":\"https:\/\/globaltaxjustice.org\/es\/campanas\/convencion-fiscal-de-la-onu-ahora\/\",\"name\":\"Convenci\u00f3n fiscal de la ONU ahora - Global Tax Justice\",\"isPartOf\":{\"@id\":\"https:\/\/globaltaxjustice.org\/es\/#website\"},\"primaryImageOfPage\":{\"@id\":\"https:\/\/globaltaxjustice.org\/es\/campanas\/convencion-fiscal-de-la-onu-ahora\/#primaryimage\"},\"image\":{\"@id\":\"https:\/\/globaltaxjustice.org\/es\/campanas\/convencion-fiscal-de-la-onu-ahora\/#primaryimage\"},\"thumbnailUrl\":\"https:\/\/globaltaxjustice.org\/wp-content\/uploads\/2025\/01\/7taxbody-2-scaled.jpg\",\"datePublished\":\"2025-02-05T13:34:32+00:00\",\"dateModified\":\"2026-02-18T17:17:15+00:00\",\"breadcrumb\":{\"@id\":\"https:\/\/globaltaxjustice.org\/es\/campanas\/convencion-fiscal-de-la-onu-ahora\/#breadcrumb\"},\"inLanguage\":\"es\",\"potentialAction\":[{\"@type\":\"ReadAction\",\"target\":[\"https:\/\/globaltaxjustice.org\/es\/campanas\/convencion-fiscal-de-la-onu-ahora\/\"]}]},{\"@type\":\"ImageObject\",\"inLanguage\":\"es\",\"@id\":\"https:\/\/globaltaxjustice.org\/es\/campanas\/convencion-fiscal-de-la-onu-ahora\/#primaryimage\",\"url\":\"https:\/\/globaltaxjustice.org\/wp-content\/uploads\/2025\/01\/7taxbody-2-scaled.jpg\",\"contentUrl\":\"https:\/\/globaltaxjustice.org\/wp-content\/uploads\/2025\/01\/7taxbody-2-scaled.jpg\",\"width\":2560,\"height\":1413},{\"@type\":\"BreadcrumbList\",\"@id\":\"https:\/\/globaltaxjustice.org\/es\/campanas\/convencion-fiscal-de-la-onu-ahora\/#breadcrumb\",\"itemListElement\":[{\"@type\":\"ListItem\",\"position\":1,\"name\":\"Home\",\"item\":\"https:\/\/globaltaxjustice.org\/es\/\"},{\"@type\":\"ListItem\",\"position\":2,\"name\":\"Campaigns\",\"item\":\"https:\/\/globaltaxjustice.org\/es\/campanas\/\"},{\"@type\":\"ListItem\",\"position\":3,\"name\":\"Convenci\u00f3n fiscal de la ONU ahora\"}]},{\"@type\":\"WebSite\",\"@id\":\"https:\/\/globaltaxjustice.org\/es\/#website\",\"url\":\"https:\/\/globaltaxjustice.org\/es\/\",\"name\":\"Global Tax Justice\",\"description\":\"Just another WordPress site\",\"publisher\":{\"@id\":\"https:\/\/globaltaxjustice.org\/es\/#organization\"},\"potentialAction\":[{\"@type\":\"SearchAction\",\"target\":{\"@type\":\"EntryPoint\",\"urlTemplate\":\"https:\/\/globaltaxjustice.org\/es\/?s={search_term_string}\"},\"query-input\":{\"@type\":\"PropertyValueSpecification\",\"valueRequired\":true,\"valueName\":\"search_term_string\"}}],\"inLanguage\":\"es\"},{\"@type\":\"Organization\",\"@id\":\"https:\/\/globaltaxjustice.org\/es\/#organization\",\"name\":\"Global Tax Justice\",\"url\":\"https:\/\/globaltaxjustice.org\/es\/\",\"logo\":{\"@type\":\"ImageObject\",\"inLanguage\":\"es\",\"@id\":\"https:\/\/globaltaxjustice.org\/es\/#\/schema\/logo\/image\/\",\"url\":\"https:\/\/globaltaxjustice.org\/wp-content\/uploads\/2024\/10\/logo_header.svg\",\"contentUrl\":\"https:\/\/globaltaxjustice.org\/wp-content\/uploads\/2024\/10\/logo_header.svg\",\"width\":229,\"height\":40,\"caption\":\"Global Tax Justice\"},\"image\":{\"@id\":\"https:\/\/globaltaxjustice.org\/es\/#\/schema\/logo\/image\/\"}}]}<\/script>\n<!-- \/ Yoast SEO plugin. -->","yoast_head_json":{"title":"Convenci\u00f3n fiscal de la ONU ahora - Global Tax Justice","robots":{"index":"index","follow":"follow","max-snippet":"max-snippet:-1","max-image-preview":"max-image-preview:large","max-video-preview":"max-video-preview:-1"},"canonical":"https:\/\/globaltaxjustice.org\/es\/campanas\/convencion-fiscal-de-la-onu-ahora\/","og_locale":"es_ES","og_type":"article","og_title":"Convenci\u00f3n fiscal de la ONU ahora - Global Tax Justice","og_description":"Las normas fiscales globales est\u00e1n obsoletas y no se cumplen. Es hora de reescribirlas para que todos los pa\u00edses puedan negociar normas fiscales globales justas, efectivas y eficientes en igualdad de condiciones.","og_url":"https:\/\/globaltaxjustice.org\/es\/campanas\/convencion-fiscal-de-la-onu-ahora\/","og_site_name":"Global Tax Justice","article_modified_time":"2026-02-18T17:17:15+00:00","og_image":[{"width":2560,"height":1413,"url":"https:\/\/globaltaxjustice.org\/wp-content\/uploads\/2025\/01\/7taxbody-2-scaled.jpg","type":"image\/jpeg"}],"twitter_card":"summary_large_image","twitter_misc":{"Est. reading time":"1 minuto"},"schema":{"@context":"https:\/\/schema.org","@graph":[{"@type":"WebPage","@id":"https:\/\/globaltaxjustice.org\/es\/campanas\/convencion-fiscal-de-la-onu-ahora\/","url":"https:\/\/globaltaxjustice.org\/es\/campanas\/convencion-fiscal-de-la-onu-ahora\/","name":"Convenci\u00f3n fiscal de la ONU ahora - Global Tax Justice","isPartOf":{"@id":"https:\/\/globaltaxjustice.org\/es\/#website"},"primaryImageOfPage":{"@id":"https:\/\/globaltaxjustice.org\/es\/campanas\/convencion-fiscal-de-la-onu-ahora\/#primaryimage"},"image":{"@id":"https:\/\/globaltaxjustice.org\/es\/campanas\/convencion-fiscal-de-la-onu-ahora\/#primaryimage"},"thumbnailUrl":"https:\/\/globaltaxjustice.org\/wp-content\/uploads\/2025\/01\/7taxbody-2-scaled.jpg","datePublished":"2025-02-05T13:34:32+00:00","dateModified":"2026-02-18T17:17:15+00:00","breadcrumb":{"@id":"https:\/\/globaltaxjustice.org\/es\/campanas\/convencion-fiscal-de-la-onu-ahora\/#breadcrumb"},"inLanguage":"es","potentialAction":[{"@type":"ReadAction","target":["https:\/\/globaltaxjustice.org\/es\/campanas\/convencion-fiscal-de-la-onu-ahora\/"]}]},{"@type":"ImageObject","inLanguage":"es","@id":"https:\/\/globaltaxjustice.org\/es\/campanas\/convencion-fiscal-de-la-onu-ahora\/#primaryimage","url":"https:\/\/globaltaxjustice.org\/wp-content\/uploads\/2025\/01\/7taxbody-2-scaled.jpg","contentUrl":"https:\/\/globaltaxjustice.org\/wp-content\/uploads\/2025\/01\/7taxbody-2-scaled.jpg","width":2560,"height":1413},{"@type":"BreadcrumbList","@id":"https:\/\/globaltaxjustice.org\/es\/campanas\/convencion-fiscal-de-la-onu-ahora\/#breadcrumb","itemListElement":[{"@type":"ListItem","position":1,"name":"Home","item":"https:\/\/globaltaxjustice.org\/es\/"},{"@type":"ListItem","position":2,"name":"Campaigns","item":"https:\/\/globaltaxjustice.org\/es\/campanas\/"},{"@type":"ListItem","position":3,"name":"Convenci\u00f3n fiscal de la ONU ahora"}]},{"@type":"WebSite","@id":"https:\/\/globaltaxjustice.org\/es\/#website","url":"https:\/\/globaltaxjustice.org\/es\/","name":"Global Tax Justice","description":"Just another WordPress site","publisher":{"@id":"https:\/\/globaltaxjustice.org\/es\/#organization"},"potentialAction":[{"@type":"SearchAction","target":{"@type":"EntryPoint","urlTemplate":"https:\/\/globaltaxjustice.org\/es\/?s={search_term_string}"},"query-input":{"@type":"PropertyValueSpecification","valueRequired":true,"valueName":"search_term_string"}}],"inLanguage":"es"},{"@type":"Organization","@id":"https:\/\/globaltaxjustice.org\/es\/#organization","name":"Global Tax Justice","url":"https:\/\/globaltaxjustice.org\/es\/","logo":{"@type":"ImageObject","inLanguage":"es","@id":"https:\/\/globaltaxjustice.org\/es\/#\/schema\/logo\/image\/","url":"https:\/\/globaltaxjustice.org\/wp-content\/uploads\/2024\/10\/logo_header.svg","contentUrl":"https:\/\/globaltaxjustice.org\/wp-content\/uploads\/2024\/10\/logo_header.svg","width":229,"height":40,"caption":"Global Tax Justice"},"image":{"@id":"https:\/\/globaltaxjustice.org\/es\/#\/schema\/logo\/image\/"}}]}},"_links":{"self":[{"href":"https:\/\/globaltaxjustice.org\/es\/wp-json\/wp\/v2\/campaign\/15013","targetHints":{"allow":["GET"]}}],"collection":[{"href":"https:\/\/globaltaxjustice.org\/es\/wp-json\/wp\/v2\/campaign"}],"about":[{"href":"https:\/\/globaltaxjustice.org\/es\/wp-json\/wp\/v2\/types\/campaign"}],"version-history":[{"count":0,"href":"https:\/\/globaltaxjustice.org\/es\/wp-json\/wp\/v2\/campaign\/15013\/revisions"}],"wp:featuredmedia":[{"embeddable":true,"href":"https:\/\/globaltaxjustice.org\/es\/wp-json\/wp\/v2\/media\/15000"}],"wp:attachment":[{"href":"https:\/\/globaltaxjustice.org\/es\/wp-json\/wp\/v2\/media?parent=15013"}],"curies":[{"name":"wp","href":"https:\/\/api.w.org\/{rel}","templated":true}]}}

Convención fiscal de la ONU ahora

<h2 class="wp-block-heading">Introducción</h2>



<p>Las normas fiscales globales actuales son profundamente injustas. Los países, especialmente los del Sur Global, no pueden gravar adecuadamente las ganancias generadas en sus economías debido a una asignación injusta de los derechos de imposición y al abuso fiscal desenfrenado. La OCDE, también conocida como el “club de los países ricos”, ha sido la principal institución donde se han formulado las normas fiscales globales. Es decir, donde se habían establecido normas y estándares; las negociaciones que condujeron a ellos se realizaron a puerta cerrada, sin procesos de toma de decisiones transparentes ni accesibles al público. La mayoría de los países en desarrollo no son miembros de la OCDE, lo que los excluye de participar como iguales en la mesa de negociaciones. Lo que se decide sin participación universal carece de legitimidad para su aplicación universal. Es hora de reescribir las normas fiscales globales para que todos los países puedan negociar normas fiscales globales justas, efectivas y eficaces en igualdad de condiciones.</p>



<p><a href="https://globaltaxjustice.org/es/campanas/convencion-fiscal-de-la-onu-ahora/introduccion/" type="campaign" id="16284">Lea más —</a></p>

<p>Las normas fiscales globales están obsoletas y no se cumplen. Es hora de reescribirlas para que todos los países puedan negociar normas fiscales globales justas, efectivas y eficientes en igualdad de condiciones.</p>

<!-- This site is optimized with the Yoast SEO plugin v27.2 - https://yoast.com/product/yoast-seo-wordpress/ -->
<title>Convención fiscal de la ONU ahora - Global Tax Justice</title>
<meta name="robots" content="index, follow, max-snippet:-1, max-image-preview:large, max-video-preview:-1" />
<link rel="canonical" href="https://globaltaxjustice.org/es/campanas/convencion-fiscal-de-la-onu-ahora/" />
<meta property="og:locale" content="es_ES" />
<meta property="og:type" content="article" />
<meta property="og:title" content="Convención fiscal de la ONU ahora - Global Tax Justice" />
<meta property="og:description" content="Las normas fiscales globales están obsoletas y no se cumplen. Es hora de reescribirlas para que todos los países puedan negociar normas fiscales globales justas, efectivas y eficientes en igualdad de condiciones." />
<meta property="og:url" content="https://globaltaxjustice.org/es/campanas/convencion-fiscal-de-la-onu-ahora/" />
<meta property="og:site_name" content="Global Tax Justice" />
<meta property="article:modified_time" content="2026-02-18T17:17:15+00:00" />
<meta property="og:image" content="https://globaltaxjustice.org/wp-content/uploads/2025/01/7taxbody-2-scaled.jpg" />
	<meta property="og:image:width" content="2560" />
	<meta property="og:image:height" content="1413" />
	<meta property="og:image:type" content="image/jpeg" />
<meta name="twitter:card" content="summary_large_image" />
<meta name="twitter:label1" content="Est. reading time" />
	<meta name="twitter:data1" content="1 minuto" />
<script type="application/ld+json" class="yoast-schema-graph">{"@context":"https://schema.org","@graph":[{"@type":"WebPage","@id":"https://globaltaxjustice.org/es/campanas/convencion-fiscal-de-la-onu-ahora/","url":"https://globaltaxjustice.org/es/campanas/convencion-fiscal-de-la-onu-ahora/","name":"Convención fiscal de la ONU ahora - Global Tax Justice","isPartOf":{"@id":"https://globaltaxjustice.org/es/#website"},"primaryImageOfPage":{"@id":"https://globaltaxjustice.org/es/campanas/convencion-fiscal-de-la-onu-ahora/#primaryimage"},"image":{"@id":"https://globaltaxjustice.org/es/campanas/convencion-fiscal-de-la-onu-ahora/#primaryimage"},"thumbnailUrl":"https://globaltaxjustice.org/wp-content/uploads/2025/01/7taxbody-2-scaled.jpg","datePublished":"2025-02-05T13:34:32+00:00","dateModified":"2026-02-18T17:17:15+00:00","breadcrumb":{"@id":"https://globaltaxjustice.org/es/campanas/convencion-fiscal-de-la-onu-ahora/#breadcrumb"},"inLanguage":"es","potentialAction":[{"@type":"ReadAction","target":["https://globaltaxjustice.org/es/campanas/convencion-fiscal-de-la-onu-ahora/"]}]},{"@type":"ImageObject","inLanguage":"es","@id":"https://globaltaxjustice.org/es/campanas/convencion-fiscal-de-la-onu-ahora/#primaryimage","url":"https://globaltaxjustice.org/wp-content/uploads/2025/01/7taxbody-2-scaled.jpg","contentUrl":"https://globaltaxjustice.org/wp-content/uploads/2025/01/7taxbody-2-scaled.jpg","width":2560,"height":1413},{"@type":"BreadcrumbList","@id":"https://globaltaxjustice.org/es/campanas/convencion-fiscal-de-la-onu-ahora/#breadcrumb","itemListElement":[{"@type":"ListItem","position":1,"name":"Home","item":"https://globaltaxjustice.org/es/"},{"@type":"ListItem","position":2,"name":"Campaigns","item":"https://globaltaxjustice.org/es/campanas/"},{"@type":"ListItem","position":3,"name":"Convención fiscal de la ONU ahora"}]},{"@type":"WebSite","@id":"https://globaltaxjustice.org/es/#website","url":"https://globaltaxjustice.org/es/","name":"Global Tax Justice","description":"Just another WordPress site","publisher":{"@id":"https://globaltaxjustice.org/es/#organization"},"potentialAction":[{"@type":"SearchAction","target":{"@type":"EntryPoint","urlTemplate":"https://globaltaxjustice.org/es/?s={search_term_string}"},"query-input":{"@type":"PropertyValueSpecification","valueRequired":true,"valueName":"search_term_string"}}],"inLanguage":"es"},{"@type":"Organization","@id":"https://globaltaxjustice.org/es/#organization","name":"Global Tax Justice","url":"https://globaltaxjustice.org/es/","logo":{"@type":"ImageObject","inLanguage":"es","@id":"https://globaltaxjustice.org/es/#/schema/logo/image/","url":"https://globaltaxjustice.org/wp-content/uploads/2024/10/logo_header.svg","contentUrl":"https://globaltaxjustice.org/wp-content/uploads/2024/10/logo_header.svg","width":229,"height":40,"caption":"Global Tax Justice"},"image":{"@id":"https://globaltaxjustice.org/es/#/schema/logo/image/"}}]}</script>
<!-- / Yoast SEO plugin. -->

Convención fiscal de la ONU ahora - Global Tax Justice

Las normas fiscales globales están obsoletas y no se cumplen. Es hora de reescribirlas para que todos los países puedan negociar normas fiscales globales justas, efectivas y eficientes en igualdad de condiciones.
