{"id":6574,"date":"2022-08-11T17:38:23","date_gmt":"2022-08-11T17:38:23","guid":{"rendered":"https:\/\/globaltaxjustice.org\/?post_type=event&#038;p=6574"},"modified":"2022-08-11T17:38:23","modified_gmt":"2022-08-11T17:38:23","slug":"presentation-du-livre-le-systeme-dette-avec-eric-toussaint","status":"publish","type":"event","link":"https:\/\/globaltaxjustice.org\/es\/eventos\/presentation-du-livre-le-systeme-dette-avec-eric-toussaint\/","title":{"rendered":"Pr\u00e9sentation du livre \u00ab Le syst\u00e8me Dette \u00bb avec Eric Toussaint"},"content":{"rendered":"<p><span style=\"font-weight: 400;\">La dette n\u2019est pas une fatalit\u00e9, estime \u00c9ric Toussaint dans son dernier essai, \u00ab\u00a0<\/span><a href=\"http:\/\/www.cadtm.org\/Le-Systeme-Dette-Histoire-des\"><span style=\"font-weight: 400;\">Le Syst\u00e8me dette<\/span><\/a><span style=\"font-weight: 400;\">\u00a0\u00bb. Alors que le Forum social mondial 2018 s\u2019ouvre au Br\u00e9sil, l\u2019historien et porte-parole du Comit\u00e9 pour l\u2019abolition des dettes ill\u00e9gitimes (CADTM) plaide pour un sursaut populaire face aux politiques sociales r\u00e9gressives impos\u00e9es par les cr\u00e9anciers.<\/span><\/p>\n<p><i><span style=\"font-weight: 400;\">Organisation\u00a0: Etika \/ neim\u00ebnster<\/span><\/i><\/p>\n<p><span style=\"font-weight: 400;\">Billetterie\u00a0:<\/span><span style=\"font-weight: 400;\"><br \/>\n<\/span><span style=\"font-weight: 400;\"><br \/>\n<\/span><span style=\"font-weight: 400;\">Email\u00a0:\u00a0<\/span><a href=\"mailto:event@etika.lu\"><span style=\"font-weight: 400;\">event@etika.lu<\/span><span style=\"font-weight: 400;\"><br \/>\n<\/span><span style=\"font-weight: 400;\"><br \/>\n<\/span><\/a><span style=\"font-weight: 400;\">Web\u00a0:\u00a0<\/span><a href=\"http:\/\/www.etika.lu\/Nos-manifestations\"><span style=\"font-weight: 400;\">www.etika.lu\/Nos-manifestations<\/span><span style=\"font-weight: 400;\"><br \/>\n<\/span><span style=\"font-weight: 400;\"><br \/>\n<\/span><\/a><span style=\"font-weight: 400;\">T\u00e9l.\u00a0: 298353<\/span><\/p>\n<p><span style=\"font-weight: 400;\">Entr\u00e9e libre (dans la limite des places disponibles)<\/span><\/p>\n<p><span style=\"font-weight: 400;\">\u00a0<\/span><\/p>\n<p><span style=\"font-weight: 400;\">More info :\u00a0<\/span><a href=\"https:\/\/www.neimenster.lu\/Culture\/Offre-diversifiee-Calendrier-shop-visites\/Programmation\/Autres\/Le-systeme-de-dette-Thursday-03-May-2018-6-30-00-pm\"><span style=\"font-weight: 400;\">Neimenster<\/span><\/a><\/p>\n\n","protected":false},"excerpt":{"rendered":"<p>La dette n\u2019est pas une fatalit\u00e9, estime \u00c9ric Toussaint dans son dernier essai, \u00ab Le Syst\u00e8me dette \u00bb. Alors que le Forum <\/p>\n","protected":false},"featured_media":6575,"template":"","thematic-area":[135],"year":[20],"class_list":["post-6574","event","type-event","status-publish","has-post-thumbnail","hentry","thematic-area-un-tax-convention","year-20"],"acf":[],"yoast_head":"<!-- This site is optimized with the Yoast SEO plugin v27.2 - https:\/\/yoast.com\/product\/yoast-seo-wordpress\/ -->\n<title>Pr\u00e9sentation du livre \u00ab Le syst\u00e8me Dette \u00bb avec Eric Toussaint - Global Tax Justice<\/title>\n<meta name=\"robots\" content=\"index, follow, max-snippet:-1, max-image-preview:large, max-video-preview:-1\" \/>\n<link rel=\"canonical\" href=\"https:\/\/globaltaxjustice.org\/es\/eventos\/presentation-du-livre-le-systeme-dette-avec-eric-toussaint\/\" \/>\n<meta property=\"og:locale\" content=\"es_ES\" \/>\n<meta property=\"og:type\" content=\"article\" \/>\n<meta property=\"og:title\" content=\"Pr\u00e9sentation du livre \u00ab Le syst\u00e8me Dette \u00bb avec Eric Toussaint - Global Tax Justice\" \/>\n<meta property=\"og:description\" content=\"La dette n\u2019est pas une fatalit\u00e9, estime \u00c9ric Toussaint dans son dernier essai, \u00ab Le Syst\u00e8me dette \u00bb. Alors que le Forum\" \/>\n<meta property=\"og:url\" content=\"https:\/\/globaltaxjustice.org\/es\/eventos\/presentation-du-livre-le-systeme-dette-avec-eric-toussaint\/\" \/>\n<meta property=\"og:site_name\" content=\"Global Tax Justice\" \/>\n<meta property=\"og:image\" content=\"https:\/\/globaltaxjustice.org\/wp-content\/uploads\/2022\/08\/2018-04-09-Presentation-du-livre-Le-systeme-Dette-avec-Eric-Toussaint-FR-IMAGEM-PRINCIPAL.png\" \/>\n\t<meta property=\"og:image:width\" content=\"731\" \/>\n\t<meta property=\"og:image:height\" content=\"412\" \/>\n\t<meta property=\"og:image:type\" content=\"image\/png\" \/>\n<meta name=\"twitter:card\" content=\"summary_large_image\" \/>\n<script type=\"application\/ld+json\" class=\"yoast-schema-graph\">{\"@context\":\"https:\/\/schema.org\",\"@graph\":[{\"@type\":\"WebPage\",\"@id\":\"https:\/\/globaltaxjustice.org\/es\/eventos\/presentation-du-livre-le-systeme-dette-avec-eric-toussaint\/\",\"url\":\"https:\/\/globaltaxjustice.org\/es\/eventos\/presentation-du-livre-le-systeme-dette-avec-eric-toussaint\/\",\"name\":\"Pr\u00e9sentation du livre \u00ab Le syst\u00e8me Dette \u00bb avec Eric Toussaint - Global Tax Justice\",\"isPartOf\":{\"@id\":\"https:\/\/globaltaxjustice.org\/es\/#website\"},\"primaryImageOfPage\":{\"@id\":\"https:\/\/globaltaxjustice.org\/es\/eventos\/presentation-du-livre-le-systeme-dette-avec-eric-toussaint\/#primaryimage\"},\"image\":{\"@id\":\"https:\/\/globaltaxjustice.org\/es\/eventos\/presentation-du-livre-le-systeme-dette-avec-eric-toussaint\/#primaryimage\"},\"thumbnailUrl\":\"https:\/\/globaltaxjustice.org\/wp-content\/uploads\/2022\/08\/2018-04-09-Presentation-du-livre-Le-systeme-Dette-avec-Eric-Toussaint-FR-IMAGEM-PRINCIPAL.png\",\"datePublished\":\"2022-08-11T17:38:23+00:00\",\"breadcrumb\":{\"@id\":\"https:\/\/globaltaxjustice.org\/es\/eventos\/presentation-du-livre-le-systeme-dette-avec-eric-toussaint\/#breadcrumb\"},\"inLanguage\":\"es\",\"potentialAction\":[{\"@type\":\"ReadAction\",\"target\":[\"https:\/\/globaltaxjustice.org\/es\/eventos\/presentation-du-livre-le-systeme-dette-avec-eric-toussaint\/\"]}]},{\"@type\":\"ImageObject\",\"inLanguage\":\"es\",\"@id\":\"https:\/\/globaltaxjustice.org\/es\/eventos\/presentation-du-livre-le-systeme-dette-avec-eric-toussaint\/#primaryimage\",\"url\":\"https:\/\/globaltaxjustice.org\/wp-content\/uploads\/2022\/08\/2018-04-09-Presentation-du-livre-Le-systeme-Dette-avec-Eric-Toussaint-FR-IMAGEM-PRINCIPAL.png\",\"contentUrl\":\"https:\/\/globaltaxjustice.org\/wp-content\/uploads\/2022\/08\/2018-04-09-Presentation-du-livre-Le-systeme-Dette-avec-Eric-Toussaint-FR-IMAGEM-PRINCIPAL.png\",\"width\":731,\"height\":412},{\"@type\":\"BreadcrumbList\",\"@id\":\"https:\/\/globaltaxjustice.org\/es\/eventos\/presentation-du-livre-le-systeme-dette-avec-eric-toussaint\/#breadcrumb\",\"itemListElement\":[{\"@type\":\"ListItem\",\"position\":1,\"name\":\"Home\",\"item\":\"https:\/\/globaltaxjustice.org\/es\/\"},{\"@type\":\"ListItem\",\"position\":2,\"name\":\"Events\",\"item\":\"https:\/\/globaltaxjustice.org\/es\/eventos\/\"},{\"@type\":\"ListItem\",\"position\":3,\"name\":\"Pr\u00e9sentation du livre \u00ab Le syst\u00e8me Dette \u00bb avec Eric Toussaint\"}]},{\"@type\":\"WebSite\",\"@id\":\"https:\/\/globaltaxjustice.org\/es\/#website\",\"url\":\"https:\/\/globaltaxjustice.org\/es\/\",\"name\":\"Global Tax Justice\",\"description\":\"Just another WordPress site\",\"publisher\":{\"@id\":\"https:\/\/globaltaxjustice.org\/es\/#organization\"},\"potentialAction\":[{\"@type\":\"SearchAction\",\"target\":{\"@type\":\"EntryPoint\",\"urlTemplate\":\"https:\/\/globaltaxjustice.org\/es\/?s={search_term_string}\"},\"query-input\":{\"@type\":\"PropertyValueSpecification\",\"valueRequired\":true,\"valueName\":\"search_term_string\"}}],\"inLanguage\":\"es\"},{\"@type\":\"Organization\",\"@id\":\"https:\/\/globaltaxjustice.org\/es\/#organization\",\"name\":\"Global Tax Justice\",\"url\":\"https:\/\/globaltaxjustice.org\/es\/\",\"logo\":{\"@type\":\"ImageObject\",\"inLanguage\":\"es\",\"@id\":\"https:\/\/globaltaxjustice.org\/es\/#\/schema\/logo\/image\/\",\"url\":\"https:\/\/globaltaxjustice.org\/wp-content\/uploads\/2024\/10\/logo_header.svg\",\"contentUrl\":\"https:\/\/globaltaxjustice.org\/wp-content\/uploads\/2024\/10\/logo_header.svg\",\"width\":229,\"height\":40,\"caption\":\"Global Tax Justice\"},\"image\":{\"@id\":\"https:\/\/globaltaxjustice.org\/es\/#\/schema\/logo\/image\/\"}}]}<\/script>\n<!-- \/ Yoast SEO plugin. -->","yoast_head_json":{"title":"Pr\u00e9sentation du livre \u00ab Le syst\u00e8me Dette \u00bb avec Eric Toussaint - Global Tax Justice","robots":{"index":"index","follow":"follow","max-snippet":"max-snippet:-1","max-image-preview":"max-image-preview:large","max-video-preview":"max-video-preview:-1"},"canonical":"https:\/\/globaltaxjustice.org\/es\/eventos\/presentation-du-livre-le-systeme-dette-avec-eric-toussaint\/","og_locale":"es_ES","og_type":"article","og_title":"Pr\u00e9sentation du livre \u00ab Le syst\u00e8me Dette \u00bb avec Eric Toussaint - Global Tax Justice","og_description":"La dette n\u2019est pas une fatalit\u00e9, estime \u00c9ric Toussaint dans son dernier essai, \u00ab Le Syst\u00e8me dette \u00bb. Alors que le Forum","og_url":"https:\/\/globaltaxjustice.org\/es\/eventos\/presentation-du-livre-le-systeme-dette-avec-eric-toussaint\/","og_site_name":"Global Tax Justice","og_image":[{"width":731,"height":412,"url":"https:\/\/globaltaxjustice.org\/wp-content\/uploads\/2022\/08\/2018-04-09-Presentation-du-livre-Le-systeme-Dette-avec-Eric-Toussaint-FR-IMAGEM-PRINCIPAL.png","type":"image\/png"}],"twitter_card":"summary_large_image","schema":{"@context":"https:\/\/schema.org","@graph":[{"@type":"WebPage","@id":"https:\/\/globaltaxjustice.org\/es\/eventos\/presentation-du-livre-le-systeme-dette-avec-eric-toussaint\/","url":"https:\/\/globaltaxjustice.org\/es\/eventos\/presentation-du-livre-le-systeme-dette-avec-eric-toussaint\/","name":"Pr\u00e9sentation du livre \u00ab Le syst\u00e8me Dette \u00bb avec Eric Toussaint - Global Tax Justice","isPartOf":{"@id":"https:\/\/globaltaxjustice.org\/es\/#website"},"primaryImageOfPage":{"@id":"https:\/\/globaltaxjustice.org\/es\/eventos\/presentation-du-livre-le-systeme-dette-avec-eric-toussaint\/#primaryimage"},"image":{"@id":"https:\/\/globaltaxjustice.org\/es\/eventos\/presentation-du-livre-le-systeme-dette-avec-eric-toussaint\/#primaryimage"},"thumbnailUrl":"https:\/\/globaltaxjustice.org\/wp-content\/uploads\/2022\/08\/2018-04-09-Presentation-du-livre-Le-systeme-Dette-avec-Eric-Toussaint-FR-IMAGEM-PRINCIPAL.png","datePublished":"2022-08-11T17:38:23+00:00","breadcrumb":{"@id":"https:\/\/globaltaxjustice.org\/es\/eventos\/presentation-du-livre-le-systeme-dette-avec-eric-toussaint\/#breadcrumb"},"inLanguage":"es","potentialAction":[{"@type":"ReadAction","target":["https:\/\/globaltaxjustice.org\/es\/eventos\/presentation-du-livre-le-systeme-dette-avec-eric-toussaint\/"]}]},{"@type":"ImageObject","inLanguage":"es","@id":"https:\/\/globaltaxjustice.org\/es\/eventos\/presentation-du-livre-le-systeme-dette-avec-eric-toussaint\/#primaryimage","url":"https:\/\/globaltaxjustice.org\/wp-content\/uploads\/2022\/08\/2018-04-09-Presentation-du-livre-Le-systeme-Dette-avec-Eric-Toussaint-FR-IMAGEM-PRINCIPAL.png","contentUrl":"https:\/\/globaltaxjustice.org\/wp-content\/uploads\/2022\/08\/2018-04-09-Presentation-du-livre-Le-systeme-Dette-avec-Eric-Toussaint-FR-IMAGEM-PRINCIPAL.png","width":731,"height":412},{"@type":"BreadcrumbList","@id":"https:\/\/globaltaxjustice.org\/es\/eventos\/presentation-du-livre-le-systeme-dette-avec-eric-toussaint\/#breadcrumb","itemListElement":[{"@type":"ListItem","position":1,"name":"Home","item":"https:\/\/globaltaxjustice.org\/es\/"},{"@type":"ListItem","position":2,"name":"Events","item":"https:\/\/globaltaxjustice.org\/es\/eventos\/"},{"@type":"ListItem","position":3,"name":"Pr\u00e9sentation du livre \u00ab Le syst\u00e8me Dette \u00bb avec Eric Toussaint"}]},{"@type":"WebSite","@id":"https:\/\/globaltaxjustice.org\/es\/#website","url":"https:\/\/globaltaxjustice.org\/es\/","name":"Global Tax Justice","description":"Just another WordPress site","publisher":{"@id":"https:\/\/globaltaxjustice.org\/es\/#organization"},"potentialAction":[{"@type":"SearchAction","target":{"@type":"EntryPoint","urlTemplate":"https:\/\/globaltaxjustice.org\/es\/?s={search_term_string}"},"query-input":{"@type":"PropertyValueSpecification","valueRequired":true,"valueName":"search_term_string"}}],"inLanguage":"es"},{"@type":"Organization","@id":"https:\/\/globaltaxjustice.org\/es\/#organization","name":"Global Tax Justice","url":"https:\/\/globaltaxjustice.org\/es\/","logo":{"@type":"ImageObject","inLanguage":"es","@id":"https:\/\/globaltaxjustice.org\/es\/#\/schema\/logo\/image\/","url":"https:\/\/globaltaxjustice.org\/wp-content\/uploads\/2024\/10\/logo_header.svg","contentUrl":"https:\/\/globaltaxjustice.org\/wp-content\/uploads\/2024\/10\/logo_header.svg","width":229,"height":40,"caption":"Global Tax Justice"},"image":{"@id":"https:\/\/globaltaxjustice.org\/es\/#\/schema\/logo\/image\/"}}]}},"_links":{"self":[{"href":"https:\/\/globaltaxjustice.org\/es\/wp-json\/wp\/v2\/event\/6574","targetHints":{"allow":["GET"]}}],"collection":[{"href":"https:\/\/globaltaxjustice.org\/es\/wp-json\/wp\/v2\/event"}],"about":[{"href":"https:\/\/globaltaxjustice.org\/es\/wp-json\/wp\/v2\/types\/event"}],"version-history":[{"count":0,"href":"https:\/\/globaltaxjustice.org\/es\/wp-json\/wp\/v2\/event\/6574\/revisions"}],"wp:featuredmedia":[{"embeddable":true,"href":"https:\/\/globaltaxjustice.org\/es\/wp-json\/wp\/v2\/media\/6575"}],"wp:attachment":[{"href":"https:\/\/globaltaxjustice.org\/es\/wp-json\/wp\/v2\/media?parent=6574"}],"wp:term":[{"taxonomy":"thematic-area","embeddable":true,"href":"https:\/\/globaltaxjustice.org\/es\/wp-json\/wp\/v2\/thematic-area?post=6574"},{"taxonomy":"year","embeddable":true,"href":"https:\/\/globaltaxjustice.org\/es\/wp-json\/wp\/v2\/year?post=6574"}],"curies":[{"name":"wp","href":"https:\/\/api.w.org\/{rel}","templated":true}]}}

Présentation du livre « Le système Dette » avec Eric Toussaint

<p><span style="font-weight: 400;">La dette n’est pas une fatalité, estime Éric Toussaint dans son dernier essai, « </span><a href="http://www.cadtm.org/Le-Systeme-Dette-Histoire-des"><span style="font-weight: 400;">Le Système dette</span></a><span style="font-weight: 400;"> ». Alors que le Forum social mondial 2018 s’ouvre au Brésil, l’historien et porte-parole du Comité pour l’abolition des dettes illégitimes (CADTM) plaide pour un sursaut populaire face aux politiques sociales régressives imposées par les créanciers.</span></p>
<p><i><span style="font-weight: 400;">Organisation : Etika / neimënster</span></i></p>
<p><span style="font-weight: 400;">Billetterie :</span><span style="font-weight: 400;"><br />
</span><span style="font-weight: 400;"><br />
</span><span style="font-weight: 400;">Email : </span><a href="mailto:event@etika.lu"><span style="font-weight: 400;">event@etika.lu</span><span style="font-weight: 400;"><br />
</span><span style="font-weight: 400;"><br />
</span></a><span style="font-weight: 400;">Web : </span><a href="http://www.etika.lu/Nos-manifestations"><span style="font-weight: 400;">www.etika.lu/Nos-manifestations</span><span style="font-weight: 400;"><br />
</span><span style="font-weight: 400;"><br />
</span></a><span style="font-weight: 400;">Tél. : 298353</span></p>
<p><span style="font-weight: 400;">Entrée libre (dans la limite des places disponibles)</span></p>
<p><span style="font-weight: 400;"> </span></p>
<p><span style="font-weight: 400;">More info : </span><a href="https://www.neimenster.lu/Culture/Offre-diversifiee-Calendrier-shop-visites/Programmation/Autres/Le-systeme-de-dette-Thursday-03-May-2018-6-30-00-pm"><span style="font-weight: 400;">Neimenster</span></a></p>

<p>La dette n’est pas une fatalité, estime Éric Toussaint dans son dernier essai, « Le Système dette ». Alors que le Forum </p>

<!-- This site is optimized with the Yoast SEO plugin v27.2 - https://yoast.com/product/yoast-seo-wordpress/ -->
<title>Présentation du livre « Le système Dette » avec Eric Toussaint - Global Tax Justice</title>
<meta name="robots" content="index, follow, max-snippet:-1, max-image-preview:large, max-video-preview:-1" />
<link rel="canonical" href="https://globaltaxjustice.org/es/eventos/presentation-du-livre-le-systeme-dette-avec-eric-toussaint/" />
<meta property="og:locale" content="es_ES" />
<meta property="og:type" content="article" />
<meta property="og:title" content="Présentation du livre « Le système Dette » avec Eric Toussaint - Global Tax Justice" />
<meta property="og:description" content="La dette n’est pas une fatalité, estime Éric Toussaint dans son dernier essai, « Le Système dette ». Alors que le Forum" />
<meta property="og:url" content="https://globaltaxjustice.org/es/eventos/presentation-du-livre-le-systeme-dette-avec-eric-toussaint/" />
<meta property="og:site_name" content="Global Tax Justice" />
<meta property="og:image" content="https://globaltaxjustice.org/wp-content/uploads/2022/08/2018-04-09-Presentation-du-livre-Le-systeme-Dette-avec-Eric-Toussaint-FR-IMAGEM-PRINCIPAL.png" />
	<meta property="og:image:width" content="731" />
	<meta property="og:image:height" content="412" />
	<meta property="og:image:type" content="image/png" />
<meta name="twitter:card" content="summary_large_image" />
<script type="application/ld+json" class="yoast-schema-graph">{"@context":"https://schema.org","@graph":[{"@type":"WebPage","@id":"https://globaltaxjustice.org/es/eventos/presentation-du-livre-le-systeme-dette-avec-eric-toussaint/","url":"https://globaltaxjustice.org/es/eventos/presentation-du-livre-le-systeme-dette-avec-eric-toussaint/","name":"Présentation du livre « Le système Dette » avec Eric Toussaint - Global Tax Justice","isPartOf":{"@id":"https://globaltaxjustice.org/es/#website"},"primaryImageOfPage":{"@id":"https://globaltaxjustice.org/es/eventos/presentation-du-livre-le-systeme-dette-avec-eric-toussaint/#primaryimage"},"image":{"@id":"https://globaltaxjustice.org/es/eventos/presentation-du-livre-le-systeme-dette-avec-eric-toussaint/#primaryimage"},"thumbnailUrl":"https://globaltaxjustice.org/wp-content/uploads/2022/08/2018-04-09-Presentation-du-livre-Le-systeme-Dette-avec-Eric-Toussaint-FR-IMAGEM-PRINCIPAL.png","datePublished":"2022-08-11T17:38:23+00:00","breadcrumb":{"@id":"https://globaltaxjustice.org/es/eventos/presentation-du-livre-le-systeme-dette-avec-eric-toussaint/#breadcrumb"},"inLanguage":"es","potentialAction":[{"@type":"ReadAction","target":["https://globaltaxjustice.org/es/eventos/presentation-du-livre-le-systeme-dette-avec-eric-toussaint/"]}]},{"@type":"ImageObject","inLanguage":"es","@id":"https://globaltaxjustice.org/es/eventos/presentation-du-livre-le-systeme-dette-avec-eric-toussaint/#primaryimage","url":"https://globaltaxjustice.org/wp-content/uploads/2022/08/2018-04-09-Presentation-du-livre-Le-systeme-Dette-avec-Eric-Toussaint-FR-IMAGEM-PRINCIPAL.png","contentUrl":"https://globaltaxjustice.org/wp-content/uploads/2022/08/2018-04-09-Presentation-du-livre-Le-systeme-Dette-avec-Eric-Toussaint-FR-IMAGEM-PRINCIPAL.png","width":731,"height":412},{"@type":"BreadcrumbList","@id":"https://globaltaxjustice.org/es/eventos/presentation-du-livre-le-systeme-dette-avec-eric-toussaint/#breadcrumb","itemListElement":[{"@type":"ListItem","position":1,"name":"Home","item":"https://globaltaxjustice.org/es/"},{"@type":"ListItem","position":2,"name":"Events","item":"https://globaltaxjustice.org/es/eventos/"},{"@type":"ListItem","position":3,"name":"Présentation du livre « Le système Dette » avec Eric Toussaint"}]},{"@type":"WebSite","@id":"https://globaltaxjustice.org/es/#website","url":"https://globaltaxjustice.org/es/","name":"Global Tax Justice","description":"Just another WordPress site","publisher":{"@id":"https://globaltaxjustice.org/es/#organization"},"potentialAction":[{"@type":"SearchAction","target":{"@type":"EntryPoint","urlTemplate":"https://globaltaxjustice.org/es/?s={search_term_string}"},"query-input":{"@type":"PropertyValueSpecification","valueRequired":true,"valueName":"search_term_string"}}],"inLanguage":"es"},{"@type":"Organization","@id":"https://globaltaxjustice.org/es/#organization","name":"Global Tax Justice","url":"https://globaltaxjustice.org/es/","logo":{"@type":"ImageObject","inLanguage":"es","@id":"https://globaltaxjustice.org/es/#/schema/logo/image/","url":"https://globaltaxjustice.org/wp-content/uploads/2024/10/logo_header.svg","contentUrl":"https://globaltaxjustice.org/wp-content/uploads/2024/10/logo_header.svg","width":229,"height":40,"caption":"Global Tax Justice"},"image":{"@id":"https://globaltaxjustice.org/es/#/schema/logo/image/"}}]}</script>
<!-- / Yoast SEO plugin. -->

Présentation du livre « Le système Dette » avec Eric Toussaint - Global Tax Justice

La dette n’est pas une fatalité, estime Éric Toussaint dans son dernier essai, « Le Système dette ». Alors que le Forum
